 3392009 a prime number?
False
Is 8980123 a composite number?
True
Is 35348009 composite?
False
Is 152871661 a composite number?
False
Is 59604823 a composite number?
False
Is 940721 a prime number?
True
Is 12143273 a prime number?
False
Is 62640541 a composite number?
True
Is 1428281 prime?
True
Is 23608243 composite?
True
Is 79468639 composite?
False
Is 7490491 a prime number?
True
Is 4810397 composite?
False
Is 181412486 a prime number?
False
Is 3105789131 prime?
True
Is 167567711 prime?
True
Is 477433 a prime number?
False
Is 2491661 a prime number?
True
Is 67517467 composite?
False
Is 366763283 a composite number?
False
Is 1202939 a composite number?
False
Is 908011 prime?
False
Is 158789509 prime?
False
Is 4973371 composite?
True
Is 115615511 composite?
True
Is 66403121 a composite number?
False
Is 60321 a prime number?
False
Is 475138273 composite?
False
Is 1574717 composite?
False
Is 837817 a composite number?
False
Is 34076677 a prime number?
False
Is 14359313 prime?
True
Is 1607317 composite?
True
Is 16655659 a prime number?
False
Is 550537 composite?
True
Is 361050133 a composite number?
False
Is 23943949 a composite number?
False
Is 5781478 a prime number?
False
Is 8127953 composite?
True
Is 931403723 a prime number?
False
Is 983987 a prime number?
True
Is 78716893 composite?
True
Is 24233527 composite?
False
Is 247454453 a composite number?
False
Is 22482049 composite?
False
Is 7404185 prime?
False
Is 17581427 prime?
True
Is 4937237 a prime number?
True
Is 53566739 prime?
True
Is 108050609 prime?
True
Is 16476329 a prime number?
True
Is 261390557 composite?
False
Is 13628603 composite?
False
Is 121371001 a composite number?
True
Is 323578667 composite?
True
Is 1704119 composite?
False
Is 1564037 a prime number?
True
Is 56136065 a composite number?
True
Is 6365857 a composite number?
False
Is 10874321 composite?
True
Is 42794467 a composite number?
True
Is 74021593 prime?
True
Is 120879181 a prime number?
False
Is 10683139 a prime number?
True
Is 69168787 prime?
True
Is 4016003 a composite number?
False
Is 78506921 a composite number?
True
Is 2886319 a composite number?
False
Is 1357571 prime?
True
Is 305545921 composite?
False
Is 5056937 a prime number?
False
Is 1589183 a composite number?
False
Is 1516217 a composite number?
False
Is 4353461 a prime number?
False
Is 7793207 prime?
True
Is 95367119 a prime number?
True
Is 1222915 prime?
False
Is 3495431 prime?
False
Is 65246613 a composite number?
True
Is 20754317 prime?
False
Is 1773301 a prime number?
False
Is 2199061 prime?
True
Is 22645901 composite?
False
Is 10288651 a composite number?
True
Is 33795989 prime?
True
Is 20808386 a composite number?
True
Is 6135017 a prime number?
False
Is 2617973 composite?
True
Is 24638935 composite?
True
Is 4067963 a composite number?
False
Is 125977867 a composite number?
False
Is 35678585 composite?
True
Is 89959 a prime number?
True
Is 24930703 composite?
True
Is 2657461 prime?
True
Is 13644341 composite?
True
Is 264936553 prime?
False
Is 20770613 prime?
False
Is 544991539 a prime number?
True
Is 2305741 a composite number?
True
Is 419128442 composite?
True
Is 284503 a prime number?
False
Is 191169907 a prime number?
True
Is 207889003 a composite number?
True
Is 1475362961 a prime number?
False
Is 415743927 a composite number?
True
Is 25178897 a composite number?
False
Is 3789313 a composite number?
True
Is 96197001 prime?
False
Is 3289903 composite?
True
Is 38693393 composite?
True
Is 403950637 a composite number?
False
Is 1232356915 a composite number?
True
Is 375435339 a prime number?
False
Is 1234439 a prime number?
True
Is 14553607 a composite number?
True
Is 121361329 prime?
True
Is 104814079 a prime number?
True
Is 52230593 a prime number?
True
Is 11877329 composite?
False
Is 1174049 composite?
False
Is 85864111 a composite number?
True
Is 3127469 a prime number?
True
Is 48491213 a composite number?
True
Is 10096721 a composite number?
True
Is 4567477 composite?
True
Is 754619 prime?
False
Is 18686667 a composite number?
True
Is 191038769 composite?
False
Is 559961 a composite number?
True
Is 359968657 a composite number?
False
Is 369469 a prime number?
True
Is 19967821 a prime number?
False
Is 1701303 a prime number?
False
Is 2640383 composite?
False
Is 75327933 composite?
True
Is 530156153 prime?
True
Is 271367 a composite number?
False
Is 8561569 composite?
False
Is 2500763 a composite number?
True
Is 8441843 a composite number?
True
Is 12550541 prime?
False
Is 5137735 a prime number?
False
Is 5743213 a prime number?
False
Is 7827695 a composite number?
True
Is 18622319 a composite number?
False
Is 50076587 a prime number?
False
Is 2467027 composite?
False
Is 3060965 prime?
False
Is 68158249 a composite number?
True
Is 15632857 a prime number?
True
Is 53318219 a prime number?
True
Is 19968155 prime?
False
Is 4146451 a prime number?
True
Is 16015247 a prime number?
False
Is 15508319 a composite number?
True
Is 670328013 prime?
False
Is 138005093 prime?
True
Is 361369915 a composite number?
True
Is 26426735 composite?
True
Is 3586019 composite?
False
Is 22092731 a composite number?
False
Is 105521347 composite?
False
Is 195301677 prime?
False
Is 14658493 a composite number?
False
Is 46568359 prime?
False
Is 8345347 prime?
False
Is 381943 prime?
True
Is 13575883 composite?
True
Is 3269303 a composite number?
False
Is 233546959 prime?
True
Is 43568051 a composite number?
True
Is 121750669 prime?
True
Is 6331301 prime?
True
Is 17021657 composite?
True
Is 64969 prime?
True
Is 10998179 composite?
False
Is 14521007 composite?
False
Is 1595431 composite?
False
Is 23772734 prime?
False
Is 23955359 a composite number?
False
Is 5257121 prime?
True
Is 2883059 prime?
True
Is 70068547 prime?
True
Is 27296659 a composite number?
True
Is 2160527 prime?
True
Is 12030149 a composite number?
False
Is 46356487 a prime number?
False
Is 2108177 composite?
False
Is 140230121 a prime number?
True
Is 24700985 prime?
False
Is 265781 composite?
False
Is 19194169 a prime number?
True
Is 6725717 a prime number?
True
Is 21703 prime?
False
Is 1873141 a prime number?
True
Is 90516203 a composite number?
False
Is 7413899 composite?
False
Is 5627849 prime?
True
Is 491703 composite?
True
Is 3270373 a prime number?
True
Is 25511833 composite?
True
Is 32703017 a prime number?
True
Is 2771513 composite?
False
Is 167993249 a composite number?
False
Is 16480601 composite?
False
Is 25730893 a composite number?
False
Is 1599677 prime?
True
Is 27853549 prime?
True
Is 12546281 a composite number?
True
Is 68308417 a composite number?
False
Is 1195921 a prime number?
False
Is 4895533 a prime number?
True
Is 2940689 composite?
False
Is 24076153 prime?
False
Is 2388457 a composite number?
True
Is 15877811 a prime number?
True
Is 426601891 a prime number?
True
Is 6287527 prime?
False
Is 108281281 prime?
True
Is 81374441 composite?
False
Is 66670631 composite?
False
Is 24711865 composite?
True
Is 5388863 prime?
False
Is 34416521 a composite number?
False
Is 79349 a prime number?
True
Is 304063 a prime number?
True
Is 43024273 composite?
False
Is 412286429 composite?
False
Is 4073669 prime?
False
Is 3756347 composite?
True
Is 20678849 a composite number?
True
Is 362839 composite?
True
Is 204892907 composite?
False
Is 103174871 a prime number?
True
Is 973599257 prime?
True
Is 116311339 composite?
False
Is 2716223 composite?
False
Is 922549 a prime number?
True
Is 85978603 prime?
True
Is 4174123 prime?
False
Is 219245011 a composite number?
False
Is 13197511 prime?
False
Is 289852639 a composite number?
False
Is 32337013 prime?
True
Is 3449261 composite?
False
Is 10539367 composite?
False
Is 62377397 composite?
False
Is 43296107 a prime number?
True
Is 2124307 composite?
True
Is 73045499 a prime number?
False
Is 13780069 prime?
True
Is 62711201 prime?
False
Is 22012993 a composite number?
True
Is 3431957 a prime number?
False
Is 10033358 a composite number?
True
Is 32458141 prime?
True
Is 14771719 composite?
False
Is 1627511 composite?
True
Is 300675589 composite?
True
Is 64971089 composite?
True
Is 351658262 a prime number?
False
Is 1456747 a prime number?
False
Is 17282051 a composite number?
False
Is 215911847 a prime number?
True
Is 6680147 a composite number?
False
Is 2557